
3, 5, 7, 22853
What are the prime factors of 4635034?
2, 113, 20509
What are the prime factors of 5948563?
5948563
What are the prime factors of 472824?
2, 3, 11, 199
List the prime factors of 27170360.
2, 5, 7, 23, 4219
What are the prime factors of 4499743?
23, 31, 6311
What are the prime factors of 1327724?
2, 73, 4547
What are the prime factors of 5806279?
113, 51383
What are the prime factors of 1680444?
2, 3, 46679
List the prime factors of 2433440.
2, 5, 67, 227
What are the prime factors of 291944?
2, 36493
What are the prime factors of 40974?
2, 3, 6829
List the prime factors of 1060444.
2, 7, 11, 313
List the prime factors of 493176.
2, 3, 20549
What are the prime factors of 278853?
3, 92951
List the prime factors of 419933.
419933
List the prime factors of 2030824.
2, 253853
What are the prime factors of 915064?
2, 107, 1069
What are the prime factors of 2504726?
2, 7, 178909
List the prime factors of 268094.
2, 134047
What are the prime factors of 1449483?
3, 7, 23, 3001
List the prime factors of 114169.
11, 97, 107
What are the prime factors of 6054526?
2, 3027263
List the prime factors of 4272813.
3, 474757
What are the prime factors of 368614?
2, 79, 2333
What are the prime factors of 137853?
3, 17, 53
List the prime factors of 26279155.
5, 7, 41, 18313
List the prime factors of 1705574.
2, 13, 65599
List the prime factors of 7113821.
11, 13, 49747
What are the prime factors of 4096185?
3, 5, 23, 31, 383
List the prime factors of 1175978.
2, 587989
List the prime factors of 78318.
2, 3, 19, 229
What are the prime factors of 1252019?
53, 23623
List the prime factors of 9241876.
2, 7, 330067
List the prime factors of 306733.
7, 29, 1511
List the prime factors of 310493.
41, 7573
List the prime factors of 7955714.
2, 13, 67, 4567
List the prime factors of 1448236.
2, 362059
What are the prime factors of 915308?
2, 23, 9949
List the prime factors of 72658.
2, 17, 2137
What are the prime factors of 728177?
271, 2687
List the prime factors of 1789781.
7, 19, 13457
What are the prime factors of 2618305?
5, 37, 14153
What are the prime factors of 4792792?
2, 173, 3463
What are the prime factors of 680884?
2, 17, 19, 31
List the prime factors of 603821.
603821
List the prime factors of 5429535.
3, 5, 19, 19051
List the prime factors of 1655954.
2, 23, 35999
List the prime factors of 4908152.
2, 67, 9157
List the prime factors of 467173.
7, 66739
List the prime factors of 1176492.
2, 3, 98041
List the prime factors of 1358118.
2, 3, 197, 383
What are the prime factors of 211881?
3, 70627
What are the prime factors of 17839966?
2, 8919983
List the prime factors of 1587052.
2, 17, 23339
What are the prime factors of 339393?
3, 113131
List the prime factors of 3783243.
3, 1261081
List the prime factors of 2364257.
7, 337751
List the prime factors of 4040559.
3, 19, 23629
List the prime factors of 176084.
2, 44021
List the prime factors of 55901.
55901
What are the prime factors of 424613?
7, 60659
What are the prime factors of 48517?
7, 29, 239
What are the prime factors of 6600476?
2, 271, 6089
What are the prime factors of 2550191?
7, 364313
List the prime factors of 314459.
43, 71, 103
List the prime factors of 2951528.
2, 137, 2693
List the prime factors of 253999.
253999
What are the prime factors of 1593206?
2, 17, 47, 997
List the prime factors of 586123.
586123
List the prime factors of 41452546.
2, 127, 163199
What are the prime factors of 5232739?
271, 19309
What are the prime factors of 8837431?
29, 304739
What are the prime factors of 2037745?
5, 151, 2699
List the prime factors of 6117721.
6117721
List the prime factors of 238365.
3, 5, 5297
What are the prime factors of 8145342?
2, 3, 452519
List the prime factors of 824546.
2, 412273
What are the prime factors of 400206?
2, 3, 66701
List the prime factors of 4219758.
2, 3, 234431
What are the prime factors of 2587514?
2, 1293757
What are the prime factors of 309073?
19, 16267
List the prime factors of 400907.
13, 30839
List the prime factors of 1436706.
2, 3, 79817
List the prime factors of 617128.
2, 77141
List the prime factors of 287026.
2, 143513
What are the prime factors of 17733713?
23, 771031
What are the prime factors of 29295590?
2, 5, 17, 389, 443
What are the prime factors of 9392698?
2, 7, 677, 991
List the prime factors of 2171914.
2, 1085957
What are the prime factors of 1950345?
3, 5, 14447
List the prime factors of 2600878.
2, 7, 37, 5021
What are the prime factors of 637303?
43, 14821
What are the prime factors of 554204?
2, 7, 19793
List the prime factors of 642318.
2, 3, 107053
List the prime factors of 1513624.
2, 7, 151, 179
What are the prime factors of 1533553?
7, 17, 263
List the prime factors of 1497851.
1497851
List the prime factors of 435841.
7, 19, 29, 113
What are the prime factors of 1002?
2, 3, 167
What are the prime factors of 3017876?
2, 23, 32803
What are the prime factors of 3357981?
3, 11, 107, 317
What are the prime factors of 282579?
3, 11, 8563
List the prime factors of 20506035.
3, 5, 11, 19, 31, 211
What are the prime factors of 643525?
5, 25741
What are the prime factors of 157241?
7, 3209
What are the prime factors of 6195697?
6195697
What are the prime factors of 26575?
5, 1063
What are the prime factors of 5831535?
3, 5, 23, 16903
List the prime factors of 72891.
3, 7, 13, 89
List the prime factors of 3135149.
1559, 2011
What are the prime factors of 11459952?
2, 3, 7, 11369
What are the prime factors of 422797?
422797
What are the prime factors of 477647?
127, 3761
What are the prime factors of 1071692?
2, 113, 2371
List the prime factors of 1669894.
2, 834947
What are the prime factors of 877613?
11, 7253
List the prime factors of 16658277.
3, 67, 179, 463
List the prime factors of 7253322.
2, 3, 17, 47, 89
List the prime factors of 212531.
11, 139
List the prime factors of 231757.
47, 4931
List the prime factors of 12861463.
12861463
What are the prime factors of 388025?
5, 11, 17, 83
List the prime factors of 375323.
13, 28871
What are the prime factors of 295256?
2, 13, 17, 167
What are the prime factors of 118374?
2, 3, 109, 181
What are the prime factors of 2499613?
2499613
List the prime factors of 4856750.
2, 5, 19427
List the prime factors of 179246.
2, 19, 53, 89
What are the prime factors of 493730?
2, 5, 97, 509
What are the prime factors of 145954?
2, 72977
What are the prime factors of 25216350?
2, 3, 5, 168109
List the prime factors of 24263815.
5, 277, 17519
List the prime factors of 114877.
7, 16411
List the prime factors of 202600.
2, 5, 1013
List the prime factors of 227026.
2, 113513
List the prime factors of 2320910.
2, 5, 232091
List the prime factors of 4932902.
2, 13, 23, 73, 113
List the prime factors of 1408551.
3, 43, 61, 179
List the prime factors of 219212.
2, 7, 7829
What are the prime factors of 5723214?
2, 3, 7, 43, 3169
What are the prime factors of 1576821?
3, 525607
List the prime factors of 2092088.
2, 17, 15383
What are the prime factors of 3035032?
2, 7, 11, 13, 379
What are the prime factors of 1428612?
2, 3, 17, 47, 149
What are the prime factors of 2477320?
2, 5, 61933
List the prime factors of 3071226.
2, 3, 293, 1747
What are the prime factors of 3838265?
5, 31, 24763
List the prime factors of 7320158.
2, 647, 5657
What are the prime factors of 3328675?
5, 7, 23, 827
What are the prime factors of 568438?
2, 13, 21863
List the prime factors of 1259231.
1259231
List the prime factors of 148393.
7, 17, 29, 43
List the prime factors of 374050.
2, 5, 7481
What are the prime factors of 4704045?
3, 5, 313603
List the prime factors of 1268196.
2, 3, 105683
What are the prime factors of 94154?
2, 179, 263
What are the prime factors of 138002?
2, 69001
What are the prime factors of 682109?
29, 43, 547
What are the prime factors of 703439?
11, 63949
What are the prime factors of 165432?
2, 3, 61, 113
What are the prime factors of 745065?
3, 5, 5519
List the prime factors of 77726.
2, 11, 3533
List the prime factors of 12472216.
2, 109, 14303
What are the prime factors of 2026055?
5, 405211
List the prime factors of 224078.
2, 181, 619
List the prime factors of 10712200.
2, 5, 19, 2819
What are the prime factors of 9929549?
7, 47, 30181
What are the prime factors of 625959?
3, 157, 443
What ar